{"id":67,"date":"2020-08-06T16:01:21","date_gmt":"2020-08-06T19:01:21","guid":{"rendered":"https:\/\/valentinmarenco.com\/?page_id=67"},"modified":"2022-12-28T15:34:29","modified_gmt":"2022-12-28T18:34:29","slug":"about","status":"publish","type":"page","link":"https:\/\/valentinmarenco.com\/es\/about\/","title":{"rendered":"Sobre VM"},"content":{"rendered":"<p class=\"has-text-align-center vm_guion vm_titulo\">\u2014<\/p>\n\n\n\n<div style=\"height:50px\" aria-hidden=\"true\" class=\"wp-block-spacer\"><\/div>\n\n\n\n<div class=\"wp-block-columns is-layout-flex wp-container-core-columns-is-layout-28f84493 wp-block-columns-is-layout-flex\">\n<div class=\"wp-block-column is-layout-flow wp-block-column-is-layout-flow\" style=\"flex-basis:40%\">\n<div class=\"wp-block-cover\"><img loading=\"lazy\" decoding=\"async\" width=\"548\" height=\"820\" class=\"wp-block-cover__image-background wp-image-208\" alt=\"\" src=\"https:\/\/valentinmarenco.com\/wp-content\/uploads\/2020\/10\/about-min.jpg\" style=\"object-position:54% 0%\" data-object-fit=\"cover\" data-object-position=\"54% 0%\" srcset=\"https:\/\/valentinmarenco.com\/wp-content\/uploads\/2020\/10\/about-min.jpg 548w, https:\/\/valentinmarenco.com\/wp-content\/uploads\/2020\/10\/about-min-200x300.jpg 200w, https:\/\/valentinmarenco.com\/wp-content\/uploads\/2020\/10\/about-min-8x12.jpg 8w, https:\/\/valentinmarenco.com\/wp-content\/uploads\/2020\/10\/about-min-416x622.jpg 416w\" sizes=\"auto, (max-width: 548px) 100vw, 548px\" \/><div class=\"wp-block-cover__inner-container is-layout-flow wp-block-cover-is-layout-flow\">\n<p class=\"has-text-align-center has-large-font-size\"><\/p>\n<\/div><\/div>\n<\/div>\n\n\n\n<div class=\"wp-block-column is-layout-flow wp-block-column-is-layout-flow\" style=\"flex-basis:66.66%\">\n<p class=\"about_titulo\">VALENTIN MARENCO<\/p>\n\n\n\n<p class=\"about_subtitulo\">Valent\u00edn, Argentinean artist -avant-garde and art- .<\/p>\n\n\n\n<p class=\"about_parrafo\">Creativo innato y extravagante, invade con su personalidad y su estilo cada superficie, espacio u objeto que interviene, desde lienzos y murales, hasta objetos de dise\u00f1o, autos y esculturas.<\/p>\n\n\n\n<p class=\"about_parrafo\">Naci\u00f3, el 27 de abril de 2000 en Buenos Aires. De ni\u00f1o, se destacaba en sus clases de arte, pintura y escultura, mostrando a trav\u00e9s de la autoexpresi\u00f3n un pensamiento independiente y, desde la creaci\u00f3n art\u00edstica, gran claridad en la conclusi\u00f3n de sus ideas.  Una combinaci\u00f3n quiz\u00e1s entre caracter\u00edsticas hereditarias (su bisabuelo era un pintor surrealista argentino) y un talento innato, hizo que Valent\u00edn mostrara su identidad desde la expresi\u00f3n polis\u00e9mica, con una potente visi\u00f3n est\u00e9tica.<\/p>\n\n\n\n<p class=\"about_parrafo\">Su impronta fresca y joven, marca su estilo singular y provocador desde \u201cel hacer\u201d.  Imagina, piensa y pinta sus obras a partir de lo que siente, con una est\u00e9tica vibrante que combina en sus creaciones color y movimiento.<\/p>\n\n\n\n<p class=\"about_parrafo\">Hoy devenido en artista pujante que fusiona arte, dise\u00f1o y cultura, se proyecta al mundo con su impronta personal e innovadora.<\/p>\n\n\n\n<div class=\"wp-block-group\"><div class=\"wp-block-group__inner-container is-layout-flow wp-block-group-is-layout-flow\">\n<div style=\"height:20px\" aria-hidden=\"true\" class=\"wp-block-spacer\"><\/div>\n\n\n\n<p class=\"about_pie\">C O L O R E S <span class=\"about_pie_separador\">&#8211;<\/span> D I S E \u00d1 O <span class=\"about_pie_separador\">&#8211;<\/span> E S T I L O <span class=\"about_pie_separador\">&#8211;<\/span> V I B R A S<\/p>\n<\/div><\/div>\n<\/div>\n<\/div>\n\n\n\n<div class=\"wp-block-group about_grupo2\"><div class=\"wp-block-group__inner-container is-layout-flow wp-block-group-is-layout-flow\">\n<div class=\"wp-block-columns is-layout-flex wp-container-core-columns-is-layout-28f84493 wp-block-columns-is-layout-flex\">\n<div class=\"wp-block-column is-layout-flow wp-block-column-is-layout-flow\">\n<p class=\"about_titulo\">Ver trabajo de Valentin<\/p>\n\n\n\n<p class=\"about_subtitulo2\">Arte de vanguardia<\/p>\n<\/div>\n\n\n\n<div class=\"wp-block-column is-layout-flow wp-block-column-is-layout-flow\">\n<div class=\"wp-block-buttons alignright is-layout-flex wp-block-buttons-is-layout-flex\">\n<div class=\"wp-block-button\"><a class=\"wp-block-button__link\" href=\"\/es\/vm-world\/\">Ir a Mundo VM \u2192<\/a><\/div>\n<\/div>\n\n\n\n<p><\/p>\n<\/div>\n<\/div>\n<\/div><\/div>","protected":false},"excerpt":{"rendered":"<p>VALENTIN MARENCO Valent\u00edn, Argentinean artist -avant-garde and art- . Innate and extravagant creative, he invades with his personality and style every surface, space or object that intervenes, from canvases and murals, to design objects, cars and sculptures. He was born on April 27, 2000 in Buenos Aires. As a child, he excelled in his art, [&hellip;]<\/p>\n","protected":false},"author":2,"featured_media":0,"parent":0,"menu_order":0,"comment_status":"closed","ping_status":"closed","template":"","meta":{"footnotes":""},"class_list":["post-67","page","type-page","status-publish","hentry"],"yoast_head":"<!-- This site is optimized with the Yoast SEO plugin v27.5 - https:\/\/yoast.com\/product\/yoast-seo-wordpress\/ -->\n<title>About me - Valentin Marenco<\/title>\n<meta name=\"robots\" content=\"index, follow, max-snippet:-1, max-image-preview:large, max-video-preview:-1\" \/>\n<link rel=\"canonical\" href=\"https:\/\/valentinmarenco.com\/es\/about\/\" \/>\n<meta property=\"og:locale\" content=\"es_ES\" \/>\n<meta property=\"og:type\" content=\"article\" \/>\n<meta property=\"og:title\" content=\"About me - Valentin Marenco\" \/>\n<meta property=\"og:description\" content=\"VALENTIN MARENCO Valent\u00edn, Argentinean artist -avant-garde and art- . Innate and extravagant creative, he invades with his personality and style every surface, space or object that intervenes, from canvases and murals, to design objects, cars and sculptures. He was born on April 27, 2000 in Buenos Aires. As a child, he excelled in his art, [&hellip;]\" \/>\n<meta property=\"og:url\" content=\"https:\/\/valentinmarenco.com\/es\/about\/\" \/>\n<meta property=\"og:site_name\" content=\"Valentin Marenco\" \/>\n<meta property=\"article:modified_time\" content=\"2022-12-28T18:34:29+00:00\" \/>\n<meta property=\"og:image\" content=\"https:\/\/valentinmarenco.com\/wp-content\/uploads\/2020\/10\/about-min.jpg\" \/>\n<meta name=\"twitter:card\" content=\"summary_large_image\" \/>\n<meta name=\"twitter:label1\" content=\"Tiempo de lectura\" \/>\n\t<meta name=\"twitter:data1\" content=\"2 minutos\" \/>\n<script type=\"application\/ld+json\" class=\"yoast-schema-graph\">{\"@context\":\"https:\\\/\\\/schema.org\",\"@graph\":[{\"@type\":\"WebPage\",\"@id\":\"https:\\\/\\\/valentinmarenco.com\\\/about\\\/\",\"url\":\"https:\\\/\\\/valentinmarenco.com\\\/about\\\/\",\"name\":\"About me - Valentin Marenco\",\"isPartOf\":{\"@id\":\"https:\\\/\\\/valentinmarenco.com\\\/#website\"},\"primaryImageOfPage\":{\"@id\":\"https:\\\/\\\/valentinmarenco.com\\\/about\\\/#primaryimage\"},\"image\":{\"@id\":\"https:\\\/\\\/valentinmarenco.com\\\/about\\\/#primaryimage\"},\"thumbnailUrl\":\"https:\\\/\\\/valentinmarenco.com\\\/wp-content\\\/uploads\\\/2020\\\/10\\\/about-min.jpg\",\"datePublished\":\"2020-08-06T19:01:21+00:00\",\"dateModified\":\"2022-12-28T18:34:29+00:00\",\"breadcrumb\":{\"@id\":\"https:\\\/\\\/valentinmarenco.com\\\/about\\\/#breadcrumb\"},\"inLanguage\":\"es\",\"potentialAction\":[{\"@type\":\"ReadAction\",\"target\":[\"https:\\\/\\\/valentinmarenco.com\\\/about\\\/\"]}]},{\"@type\":\"ImageObject\",\"inLanguage\":\"es\",\"@id\":\"https:\\\/\\\/valentinmarenco.com\\\/about\\\/#primaryimage\",\"url\":\"https:\\\/\\\/valentinmarenco.com\\\/wp-content\\\/uploads\\\/2020\\\/10\\\/about-min.jpg\",\"contentUrl\":\"https:\\\/\\\/valentinmarenco.com\\\/wp-content\\\/uploads\\\/2020\\\/10\\\/about-min.jpg\"},{\"@type\":\"BreadcrumbList\",\"@id\":\"https:\\\/\\\/valentinmarenco.com\\\/about\\\/#breadcrumb\",\"itemListElement\":[{\"@type\":\"ListItem\",\"position\":1,\"name\":\"Portada\",\"item\":\"https:\\\/\\\/valentinmarenco.com\\\/\"},{\"@type\":\"ListItem\",\"position\":2,\"name\":\"About me\"}]},{\"@type\":\"WebSite\",\"@id\":\"https:\\\/\\\/valentinmarenco.com\\\/#website\",\"url\":\"https:\\\/\\\/valentinmarenco.com\\\/\",\"name\":\"Valentin Marenco\",\"description\":\"\",\"potentialAction\":[{\"@type\":\"SearchAction\",\"target\":{\"@type\":\"EntryPoint\",\"urlTemplate\":\"https:\\\/\\\/valentinmarenco.com\\\/?s={search_term_string}\"},\"query-input\":{\"@type\":\"PropertyValueSpecification\",\"valueRequired\":true,\"valueName\":\"search_term_string\"}}],\"inLanguage\":\"es\"}]}<\/script>\n<!-- \/ Yoast SEO plugin. -->","yoast_head_json":{"title":"About me - Valentin Marenco","robots":{"index":"index","follow":"follow","max-snippet":"max-snippet:-1","max-image-preview":"max-image-preview:large","max-video-preview":"max-video-preview:-1"},"canonical":"https:\/\/valentinmarenco.com\/es\/about\/","og_locale":"es_ES","og_type":"article","og_title":"About me - Valentin Marenco","og_description":"VALENTIN MARENCO Valent\u00edn, Argentinean artist -avant-garde and art- . Innate and extravagant creative, he invades with his personality and style every surface, space or object that intervenes, from canvases and murals, to design objects, cars and sculptures. He was born on April 27, 2000 in Buenos Aires. As a child, he excelled in his art, [&hellip;]","og_url":"https:\/\/valentinmarenco.com\/es\/about\/","og_site_name":"Valentin Marenco","article_modified_time":"2022-12-28T18:34:29+00:00","og_image":[{"url":"https:\/\/valentinmarenco.com\/wp-content\/uploads\/2020\/10\/about-min.jpg","type":"","width":"","height":""}],"twitter_card":"summary_large_image","twitter_misc":{"Tiempo de lectura":"2 minutos"},"schema":{"@context":"https:\/\/schema.org","@graph":[{"@type":"WebPage","@id":"https:\/\/valentinmarenco.com\/about\/","url":"https:\/\/valentinmarenco.com\/about\/","name":"About me - Valentin Marenco","isPartOf":{"@id":"https:\/\/valentinmarenco.com\/#website"},"primaryImageOfPage":{"@id":"https:\/\/valentinmarenco.com\/about\/#primaryimage"},"image":{"@id":"https:\/\/valentinmarenco.com\/about\/#primaryimage"},"thumbnailUrl":"https:\/\/valentinmarenco.com\/wp-content\/uploads\/2020\/10\/about-min.jpg","datePublished":"2020-08-06T19:01:21+00:00","dateModified":"2022-12-28T18:34:29+00:00","breadcrumb":{"@id":"https:\/\/valentinmarenco.com\/about\/#breadcrumb"},"inLanguage":"es","potentialAction":[{"@type":"ReadAction","target":["https:\/\/valentinmarenco.com\/about\/"]}]},{"@type":"ImageObject","inLanguage":"es","@id":"https:\/\/valentinmarenco.com\/about\/#primaryimage","url":"https:\/\/valentinmarenco.com\/wp-content\/uploads\/2020\/10\/about-min.jpg","contentUrl":"https:\/\/valentinmarenco.com\/wp-content\/uploads\/2020\/10\/about-min.jpg"},{"@type":"BreadcrumbList","@id":"https:\/\/valentinmarenco.com\/about\/#breadcrumb","itemListElement":[{"@type":"ListItem","position":1,"name":"Portada","item":"https:\/\/valentinmarenco.com\/"},{"@type":"ListItem","position":2,"name":"About me"}]},{"@type":"WebSite","@id":"https:\/\/valentinmarenco.com\/#website","url":"https:\/\/valentinmarenco.com\/","name":"Valentin Marenco","description":"","potentialAction":[{"@type":"SearchAction","target":{"@type":"EntryPoint","urlTemplate":"https:\/\/valentinmarenco.com\/?s={search_term_string}"},"query-input":{"@type":"PropertyValueSpecification","valueRequired":true,"valueName":"search_term_string"}}],"inLanguage":"es"}]}},"_links":{"self":[{"href":"https:\/\/valentinmarenco.com\/es\/wp-json\/wp\/v2\/pages\/67","targetHints":{"allow":["GET"]}}],"collection":[{"href":"https:\/\/valentinmarenco.com\/es\/wp-json\/wp\/v2\/pages"}],"about":[{"href":"https:\/\/valentinmarenco.com\/es\/wp-json\/wp\/v2\/types\/page"}],"author":[{"embeddable":true,"href":"https:\/\/valentinmarenco.com\/es\/wp-json\/wp\/v2\/users\/2"}],"replies":[{"embeddable":true,"href":"https:\/\/valentinmarenco.com\/es\/wp-json\/wp\/v2\/comments?post=67"}],"version-history":[{"count":29,"href":"https:\/\/valentinmarenco.com\/es\/wp-json\/wp\/v2\/pages\/67\/revisions"}],"predecessor-version":[{"id":318,"href":"https:\/\/valentinmarenco.com\/es\/wp-json\/wp\/v2\/pages\/67\/revisions\/318"}],"wp:attachment":[{"href":"https:\/\/valentinmarenco.com\/es\/wp-json\/wp\/v2\/media?parent=67"}],"curies":[{"name":"wp","href":"https:\/\/api.w.org\/{rel}","templated":true}]}}

<p class="has-text-align-center vm_guion vm_titulo">—</p>



<div style="height:50px" aria-hidden="true" class="wp-block-spacer"></div>



<div class="wp-block-columns is-layout-flex wp-container-core-columns-is-layout-28f84493 wp-block-columns-is-layout-flex">
<div class="wp-block-column is-layout-flow wp-block-column-is-layout-flow" style="flex-basis:40%">
<div class="wp-block-cover"><img loading="lazy" decoding="async" width="548" height="820" class="wp-block-cover__image-background wp-image-208" alt="" src="https://valentinmarenco.com/wp-content/uploads/2020/10/about-min.jpg" style="object-position:54% 0%" data-object-fit="cover" data-object-position="54% 0%" srcset="https://valentinmarenco.com/wp-content/uploads/2020/10/about-min.jpg 548w, https://valentinmarenco.com/wp-content/uploads/2020/10/about-min-200x300.jpg 200w, https://valentinmarenco.com/wp-content/uploads/2020/10/about-min-8x12.jpg 8w, https://valentinmarenco.com/wp-content/uploads/2020/10/about-min-416x622.jpg 416w" sizes="auto, (max-width: 548px) 100vw, 548px" /><div class="wp-block-cover__inner-container is-layout-flow wp-block-cover-is-layout-flow">
<p class="has-text-align-center has-large-font-size"></p>
</div></div>
</div>



<div class="wp-block-column is-layout-flow wp-block-column-is-layout-flow" style="flex-basis:66.66%">
<p class="about_titulo">VALENTIN MARENCO</p>



<p class="about_subtitulo">Valentín, Argentinean artist -avant-garde and art- .</p>



<p class="about_parrafo">Creativo innato y extravagante, invade con su personalidad y su estilo cada superficie, espacio u objeto que interviene, desde lienzos y murales, hasta objetos de diseño, autos y esculturas.</p>



<p class="about_parrafo">Nació, el 27 de abril de 2000 en Buenos Aires. De niño, se destacaba en sus clases de arte, pintura y escultura, mostrando a través de la autoexpresión un pensamiento independiente y, desde la creación artística, gran claridad en la conclusión de sus ideas.  Una combinación quizás entre características hereditarias (su bisabuelo era un pintor surrealista argentino) y un talento innato, hizo que Valentín mostrara su identidad desde la expresión polisémica, con una potente visión estética.</p>



<p class="about_parrafo">Su impronta fresca y joven, marca su estilo singular y provocador desde “el hacer”.  Imagina, piensa y pinta sus obras a partir de lo que siente, con una estética vibrante que combina en sus creaciones color y movimiento.</p>



<p class="about_parrafo">Hoy devenido en artista pujante que fusiona arte, diseño y cultura, se proyecta al mundo con su impronta personal e innovadora.</p>



<div class="wp-block-group"><div class="wp-block-group__inner-container is-layout-flow wp-block-group-is-layout-flow">
<div style="height:20px" aria-hidden="true" class="wp-block-spacer"></div>



<p class="about_pie">C O L O R E S <span class="about_pie_separador">&#8211;</span> D I S E Ñ O <span class="about_pie_separador">&#8211;</span> E S T I L O <span class="about_pie_separador">&#8211;</span> V I B R A S</p>
</div></div>
</div>
</div>



<div class="wp-block-group about_grupo2"><div class="wp-block-group__inner-container is-layout-flow wp-block-group-is-layout-flow">
<div class="wp-block-columns is-layout-flex wp-container-core-columns-is-layout-28f84493 wp-block-columns-is-layout-flex">
<div class="wp-block-column is-layout-flow wp-block-column-is-layout-flow">
<p class="about_titulo">Ver trabajo de Valentin</p>



<p class="about_subtitulo2">Arte de vanguardia</p>
</div>



<div class="wp-block-column is-layout-flow wp-block-column-is-layout-flow">
<div class="wp-block-buttons alignright is-layout-flex wp-block-buttons-is-layout-flex">
<div class="wp-block-button"><a class="wp-block-button__link" href="/es/vm-world/">Ir a Mundo VM →</a></div>
</div>



<p></p>
</div>
</div>
</div></div>

<p>VALENTIN MARENCO Valentín, Argentinean artist -avant-garde and art- . Innate and extravagant creative, he invades with his personality and style every surface, space or object that intervenes, from canvases and murals, to design objects, cars and sculptures. He was born on April 27, 2000 in Buenos Aires. As a child, he excelled in his art, [&hellip;]</p>

<!-- This site is optimized with the Yoast SEO plugin v27.5 - https://yoast.com/product/yoast-seo-wordpress/ -->
<title>About me - Valentin Marenco</title>
<meta name="robots" content="index, follow, max-snippet:-1, max-image-preview:large, max-video-preview:-1" />
<link rel="canonical" href="https://valentinmarenco.com/es/about/" />
<meta property="og:locale" content="es_ES" />
<meta property="og:type" content="article" />
<meta property="og:title" content="About me - Valentin Marenco" />
<meta property="og:description" content="VALENTIN MARENCO Valentín, Argentinean artist -avant-garde and art- . Innate and extravagant creative, he invades with his personality and style every surface, space or object that intervenes, from canvases and murals, to design objects, cars and sculptures. He was born on April 27, 2000 in Buenos Aires. As a child, he excelled in his art, [&hellip;]" />
<meta property="og:url" content="https://valentinmarenco.com/es/about/" />
<meta property="og:site_name" content="Valentin Marenco" />
<meta property="article:modified_time" content="2022-12-28T18:34:29+00:00" />
<meta property="og:image" content="https://valentinmarenco.com/wp-content/uploads/2020/10/about-min.jpg" />
<meta name="twitter:card" content="summary_large_image" />
<meta name="twitter:label1" content="Tiempo de lectura" />
	<meta name="twitter:data1" content="2 minutos" />
<script type="application/ld+json" class="yoast-schema-graph">{"@context":"https:\/\/schema.org","@graph":[{"@type":"WebPage","@id":"https:\/\/valentinmarenco.com\/about\/","url":"https:\/\/valentinmarenco.com\/about\/","name":"About me - Valentin Marenco","isPartOf":{"@id":"https:\/\/valentinmarenco.com\/#website"},"primaryImageOfPage":{"@id":"https:\/\/valentinmarenco.com\/about\/#primaryimage"},"image":{"@id":"https:\/\/valentinmarenco.com\/about\/#primaryimage"},"thumbnailUrl":"https:\/\/valentinmarenco.com\/wp-content\/uploads\/2020\/10\/about-min.jpg","datePublished":"2020-08-06T19:01:21+00:00","dateModified":"2022-12-28T18:34:29+00:00","breadcrumb":{"@id":"https:\/\/valentinmarenco.com\/about\/#breadcrumb"},"inLanguage":"es","potentialAction":[{"@type":"ReadAction","target":["https:\/\/valentinmarenco.com\/about\/"]}]},{"@type":"ImageObject","inLanguage":"es","@id":"https:\/\/valentinmarenco.com\/about\/#primaryimage","url":"https:\/\/valentinmarenco.com\/wp-content\/uploads\/2020\/10\/about-min.jpg","contentUrl":"https:\/\/valentinmarenco.com\/wp-content\/uploads\/2020\/10\/about-min.jpg"},{"@type":"BreadcrumbList","@id":"https:\/\/valentinmarenco.com\/about\/#breadcrumb","itemListElement":[{"@type":"ListItem","position":1,"name":"Portada","item":"https:\/\/valentinmarenco.com\/"},{"@type":"ListItem","position":2,"name":"About me"}]},{"@type":"WebSite","@id":"https:\/\/valentinmarenco.com\/#website","url":"https:\/\/valentinmarenco.com\/","name":"Valentin Marenco","description":"","potentialAction":[{"@type":"SearchAction","target":{"@type":"EntryPoint","urlTemplate":"https:\/\/valentinmarenco.com\/?s={search_term_string}"},"query-input":{"@type":"PropertyValueSpecification","valueRequired":true,"valueName":"search_term_string"}}],"inLanguage":"es"}]}</script>
<!-- / Yoast SEO plugin. -->

VALENTIN MARENCO Valentín, Argentinean artist -avant-garde and art- . Innate and extravagant creative, he invades with his personality and style every surface, space or object that intervenes, from canvases and murals, to design objects, cars and sculptures. He was born on April 27, 2000 in Buenos Aires. As a child, he excelled in his art, [&hellip;]
